20 a factor of q?
True
Let z = -5 - -20. Let q = 22 - z. Does 4 divide q?
False
Is 13 a factor of ((-7)/(-2) - 7/(-14)) + 35?
True
Let n = -6 - -8. Let d be (-2 - (0 - n)) + 0. Suppose -j = -5*f + 75, f = 5*j + 15 - d. Does 13 divide f?
False
Let q = -18 + 18. Suppose q = -3*x - x + 36. Is 3 a factor of x?
True
Let l(j) = -2*j**2 + 15*j - 3. Is l(6) even?
False
Let l = 145 + -83. Is 31 a factor of l?
True
Suppose 0*k + k - 4*h - 14 = 0, 3*k = 4*h + 50. Is 6 a factor of k?
True
Suppose -4*m - 3*k = 4, -6 = 2*k + 2. Suppose -2*y + 54 = 4*l, -3*y = -l + m*y - 3. Is l a multiple of 6?
True
Let y(b) = -b**3 + 16*b**2 - 28*b + 17. Does 8 divide y(13)?
True
Suppose 0 = 2*j - 0*j - 56. Does 14 divide j?
True
Let g(p) = 13*p**2 - 2*p - 1. Let o(m) = m**2 - 1. Let h = 1 + -1. Let y be o(h). Is 7 a factor of g(y)?
True
Let z be 2/1 + -3 + -1. Let u be -57 - 3*z/(-3). Let x = -32 - u. Is x a multiple of 9?
True
Let l = -1 - -3. Let t = l + -7. Let o = 17 - t. Does 16 divide o?
False
Suppose -4*o = -27 - 29. Is o a multiple of 8?
False
Let h be 12/9*18/4. Suppose k - h*k = -145. Suppose -3*j + k = -16. Is j a multiple of 10?
False
Suppose -16 = 3*x + 5*j + 43, 89 = -5*x + j. Does 2 divide (x/10)/(6/(-20))?
True
Is 83 - (0 - (-5 - -1)) a multiple of 21?
False
Let j(z) = -11*z**2 - 24*z + 5. Let o(k) = 4*k**2 + 8*k - 2. Let q(u) = 3*j(u) + 8*o(u). Does 6 divide q(-7)?
True
Suppose 4*q + 280 = 9*q. Is q a multiple of 13?
False
Suppose -2*c + 3*c = 0. Suppose c = -4*g - 4*r + r + 197, -2*r + 48 = g. Suppose -q - q = -g. Does 13 divide q?
False
Let z = -76 - -159. Is 16 a factor of z?
False
Let l(q) = -q + 30. Does 12 divide l(18)?
True
Suppose 2 = -t - v, 3*v = 4*t - 2*v - 37. Let d(n) = 7*n - 3. Is 6 a factor of d(t)?
True
Is 19 a factor of 755/15 + 2/(-6)?
False
Let v(g) = -g**3 - 6*g**2 + g + 8. Let r be v(-6). Suppose 5*l - 2*y = 2*l + r, y + 1 = 0. Suppose -2*k + 3*k - 30 = l. Is k a multiple of 13?
False
Is 590/8*(-4)/((-4)/4) a multiple of 22?
False
Suppose -151 = -5*i + 2*i - g, 25 = -5*g. Does 17 divide i?
False
Is 16 a factor of (7/28)/(2/344)?
False
Suppose -i = -2*g - 0 - 5, -4*g = i - 5. Is 3 a factor of i?
False
Suppose 0 = -0*j + j, 5*s + 3*j - 730 = 0. Does 41 divide s?
False
Let o(q) = -14*q. Let j(y) = y**2 - 8*y + 6. Let m be j(7). Is 6 a factor of o(m)?
False
Suppose -3*i = -5*c + 1133 - 138, -4*c = 5*i - 833. Let v = c + -139. Suppose y - v = -2*y. Does 21 divide y?
True
Let a(d) = d**2 - 5*d + 14. Does 3 divide a(7)?
False
Let b be -9*(-1)/(1/1). Is 12 a factor of 222/b + (-2)/3?
True
Suppose 5*g = -5*j + 120, -12 = -j - 3*g + 18. Is j a multiple of 7?
True
Let g(n) = 37*n + 1. Is 19 a factor of g(1)?
True
Suppose 0 = h - 5, -4*u + u + 190 = 5*h. Is 11 a factor of u?
True
Suppose -39 + 99 = -3*a. Let k = -3 - 3. Let x = k - a. Does 7 divide x?
True
Let b(i) = i**3 + 6*i**2 - 7*i + 4. Let o be b(-7). Is (o/(-8))/(3/(-18)) even?
False
Let m be (-6)/(-9)*3/2. Suppose 0*f + 4*f + 135 = w, 2*f - w = -67. Is f/(-2 - (1 - m)) a multiple of 9?
False
Let f = -15 - -68. Does 17 divide f?
False
Let f(l) = 14*l - 1 + 3*l**2 - 2 - 17*l. Let i be ((-2)/(-5))/((-1)/(-10)). Is f(i) a multiple of 13?
False
Suppose 3*g + g = 12. Let t be ((-2)/g)/((-5)/15). Suppose 15 + 9 = t*u. Is u a multiple of 6?
True
Let x(g) be the first derivative of 9*g**2/2 - g + 1. Let y be (-1 - 1)/(2/(-3)). Does 13 divide x(y)?
True
Suppose 0*b = -3*b + 9. Suppose -j - b = -2*j. Suppose -p = j*p - 172. Is p a multiple of 22?
False
Let a be 1*(0 - 0) - -3. Suppose -4*n - a*h = -7*h - 36, n + 4*h + 11 = 0. Suppose -48 = -3*v - 4*k + k, -n*k + 38 = 2*v. Is 7 a factor of v?
True
Suppose -2*h = -12 + 4. Suppose 15 = h*f - 3*f. Does 5 divide f?
True
Let t = 10 - 5. Suppose 0 = t*v + f + 2*f - 72, 4*v - 63 = 3*f. Is v a multiple of 8?
False
Let x(q) = q**3 - 3*q**2 - 8*q + 5. Is x(5) a multiple of 3?
True
Suppose o - 2*o = 8. Does 6 divide o/16 - 26/(-4)?
True
Let o(w) = -2*w**3 + 2*w**2 - 1. Let z be o(-1). Let s(n) = 2*n + 1. Does 3 divide s(z)?
False
Suppose 2 = f + 3*l - 0, -2*l - 4 = 2*f. Let v(x) = x**3 + 7*x**2 + 6*x - 6. Let s be v(-6). Is (-87)/s - 2/f a multiple of 15?
True
Let w = -210 - -361. Is 22 a factor of w?
False
Let j(x) = -x**3 + 7*x**2 + 18. Is 17 a factor of j(6)?
False
Let x = -10 + 130. Does 12 divide x?
True
Suppose 4*s - 2*g = 140, 1 = -g - 3. Suppose -3*v - s = 189. Let b = -48 - v. Does 13 divide b?
True
Suppose 5*r = 6*r - 280. Suppose 2*q - 56 = -x, 5*x - 2*q - q = r. Is x a multiple of 14?
True
Suppose -f + 3 + 0 = 0, -4*r + 624 = 4*f. Is r a multiple of 51?
True
Suppose h - 3*r = -5*r + 3, 4*h - r - 30 = 0. Is h a multiple of 7?
True
Suppose -4*w = -94 - 2. Does 4 divide w?
True
Suppose l = -2*l + 33. Suppose -l = -4*k + 17. Is k a multiple of 2?
False
Let a be -2*(5/2)/(-1). Suppose a*n = 42 + 133. Is n a multiple of 12?
False
Suppose o - 445 = -9*r + 4*r, 0 = r - 5. Is 62 a factor of o?
False
Let a = 14 - 8. Is a a multiple of 3?
True
Let z(w) = 3*w**2 + 9*w + 3. Let j(d) = d**2 - d - 1. Let v(l) = -4*j(l) + z(l). Is 3 a factor of v(12)?
False
Let h(w) = -5*w - 4. Let j be -3*(1 - 6/(-9)). Let r be h(j). Suppose b + 0 = r. Is 9 a factor of b?
False
Suppose 0 = -19*a - 6*a + 4000. Is 10 a factor of a?
True
Let j be (13 + 1/1)/2. Suppose 2*s = 3 + j. Let u = s + 13. Does 9 divide u?
True
Let y(n) = n**2 + 6*n - 3. Does 6 divide y(-9)?
True
Let g(s) be the first derivative of -s**4/4 + 4*s**3 - 9*s**2/2 - 10*s - 1. Let h be g(10). Suppose 7*d + 134 = 5*t + 3*d, 4*d = -4*t + h. Does 13 divide t?
True
Let v be 15/((-1)/1 + 0). Let x = -33 - v. Let j = x - -25. Is 3 a factor of j?
False
Suppose -n + 2*a + 23 = 0, 6*n - 104 = 3*n - a. Does 7 divide n?
False
Suppose 4*d - 4*o = 20, -o = -d + o + 1. Is d a multiple of 9?
True
Suppose -3*b - 4*h - 17 = -8*b, -4*h + 18 = 2*b. Does 9 divide 10/25 - (-208)/b?
False
Is 38 a factor of (-1)/(2/(-662) - 0)?
False
Suppose 4*f - 202 = -3*q, -5*q + 270 = 3*f - 85. Let k = q - 53. Is 20 a factor of k?
False
Let a(t) = t**3 - 2*t. Let l be a(2). Suppose 0 = -5*h - l*d + 86, -3*h + 4 = 5*d - 45. Is h a multiple of 7?
False
Does 11 divide (34/(-10))/((-28)/140)?
False
Suppose -5*z = -7*z - 10. Is 11 a factor of 4 + 3 + z - -27?
False
Suppose 3*p - n + 55 = 4*p, -4*n = 3*p - 170. Does 14 divide p?
False
Suppose -2*j - n + 2*n = -6, 0 = -4*j - 5*n - 2. Suppose 4*v - 5*v + 2 = 0. Suppose -v*q - j*q = -40. Does 10 divide q?
True
Suppose 2*d = d + 20. Suppose 0 = -2*u - 3*r + 15, 4*r + 5 - d = -u. Is 13 a factor of 67/u + 6/9?
False
Let m(h) = 2*h - 2. Let i be m(-2). Let f(s) = s**2 - s + 7. Is 21 a factor of f(i)?
False
Let o(q) = -q**3 + 6*q**2 - 3*q - 7. Let p be o(6). Let f be (0 - 3)*(-88)/6. Let i = p + f. Is i a multiple of 7?
False
Suppose -2*g = 3*g + 5*d - 175, g + 2*d - 40 = 0. Suppose 4*l - c - 15 = 0, -g = -5*l - 0*c + 5*c. Does 2 divide l?
False
Let f(i) = i**3 + 7*i**2 + 5*i - 5. Let b be f(-6). Let x(s) = -12*s + 0*s - b + 0. Is x(-1) a multiple of 11?
True
Let c be 10*(32/(-20))/4. Let g = 12 + c. Is g even?
True
Let u(f) = -4*f**2 - 5*f - 4. Let i(l) = 5*l**2 + 6*l + 4. Let q(m) = 5*i(m) + 6*u(m). Is q(-4) a multiple of 7?
False
Let x = -12 - -24. Let b = -7 + x. Suppose 69 = 2*r - i, 0*r + 5*i = b*r - 185. Does 16 divide r?
True
Let h be 246/10 - (-4)/10. Suppose j + 14 = -g, -g + 11 + 1 = -j. Let c = j + h. Is c a multiple of 12?
True
Suppose -7 = -2*h - d - 2, -2*h + 2*d = -2. Is (h + -3)*1 - -9 a multiple of 8?
True
Suppose 2*g = 4*g + 5*j - 157, -2*j = 2*g - 154. Suppose 0 = k - 5*k + g. Is k a multiple of 13?
False
Let k = 455 + -257. Is 29 a factor of k?
False
Suppose 2*r - 4*r + 8 = 0. Suppose -r*w = w. Suppose -38 = -w*o - 2*o. Is o a multiple of 12?
False
Let q(i) = 0*i**3 + 6*i - 7 + 17*i**2 - 10*i**2 + i**3. Is 7 a factor of q(-5)?
False
Suppose 2*q - 7 = -3. Let w be (-1 - 39)/((-2)/q). Suppose 0 = -5*m, -5*c - 2*m + w = -125. Does 17 divide c?
False
Let w(m) = -m**2 + 11*m - 10. Let n be w(8). Suppose -a + 10 + n = 0. Does 12 divide a?
True
Let x = 171 + -98. Suppose -b = 3*j - x, 0 = 3*j - 2*b - 47 - 23. Is 7 a factor of j?
False
Let h(v) = -v**2 - v + 37. Let x be 2/(-4) - 2/(-4). Let p = x - 0. Is h(p) a multiple of 21?
False
Suppose 4*c + 0*u = -2*u + 4, -5*u - 14 = 2*c. Let m be c/(((-4)